{"id":417,"date":"2015-01-22T23:16:00","date_gmt":"2015-01-22T23:16:00","guid":{"rendered":"http:\/\/castroalba.es\/fotocastro\/?page_id=417"},"modified":"2016-03-08T21:50:38","modified_gmt":"2016-03-08T21:50:38","slug":"jose-manuel","status":"publish","type":"page","link":"http:\/\/castroalba.es\/fotocastro\/jose-manuel\/","title":{"rendered":"Jos\u00e9 Manuel"},"content":{"rendered":"<p><a href=\"https:\/\/i0.wp.com\/castroalba.es\/fotocastro\/wp-content\/uploads\/2015\/01\/jose_manuel_castro_alba.jpg\" rel=\"attachment wp-att-503\"><img data-recalc-dims=\"1\" loading=\"lazy\" decoding=\"async\" class=\"alignnone size-medium wp-image-503\" src=\"https:\/\/i0.wp.com\/castroalba.es\/fotocastro\/wp-content\/uploads\/2015\/01\/jose_manuel_castro_alba.jpg?resize=300%2C300\" alt=\"Jos\u00e9 Manuel Castro Alba\" width=\"300\" height=\"300\" srcset=\"https:\/\/i0.wp.com\/castroalba.es\/fotocastro\/wp-content\/uploads\/2015\/01\/jose_manuel_castro_alba.jpg?resize=300%2C300 300w, https:\/\/i0.wp.com\/castroalba.es\/fotocastro\/wp-content\/uploads\/2015\/01\/jose_manuel_castro_alba.jpg?resize=150%2C150 150w, https:\/\/i0.wp.com\/castroalba.es\/fotocastro\/wp-content\/uploads\/2015\/01\/jose_manuel_castro_alba.jpg?w=485 485w\" sizes=\"(max-width: 300px) 100vw, 300px\" \/><\/a><\/p>\n<p>Soy el hijo de Manuel Castro N\u00fa\u00f1ez. He creado esta p\u00e1gina para dar a conocer la obra fotogr\u00e1fica de mi padre y dar a conocer la comarca de Pedrafita do Cebreiro, extensible a la zona de \u00abA Monta\u00f1a Lucense\u00bb. Por este motivo tambi\u00e9n a\u00f1ado fotos de mi autor\u00eda, que van engrosando la base de datos audiovisuales de esta tierra.<\/p>\n","protected":false},"excerpt":{"rendered":"<p>Soy el hijo de Manuel Castro N\u00fa\u00f1ez. He creado esta p\u00e1gina para dar a conocer&#8230;<\/p>\n","protected":false},"author":1,"featured_media":0,"parent":0,"menu_order":0,"comment_status":"closed","ping_status":"closed","template":"","meta":{"footnotes":""},"jetpack_sharing_enabled":true,"_links":{"self":[{"href":"http:\/\/castroalba.es\/fotocastro\/wp-json\/wp\/v2\/pages\/417"}],"collection":[{"href":"http:\/\/castroalba.es\/fotocastro\/wp-json\/wp\/v2\/pages"}],"about":[{"href":"http:\/\/castroalba.es\/fotocastro\/wp-json\/wp\/v2\/types\/page"}],"author":[{"embeddable":true,"href":"http:\/\/castroalba.es\/fotocastro\/wp-json\/wp\/v2\/users\/1"}],"replies":[{"embeddable":true,"href":"http:\/\/castroalba.es\/fotocastro\/wp-json\/wp\/v2\/comments?post=417"}],"version-history":[{"count":4,"href":"http:\/\/castroalba.es\/fotocastro\/wp-json\/wp\/v2\/pages\/417\/revisions"}],"predecessor-version":[{"id":505,"href":"http:\/\/castroalba.es\/fotocastro\/wp-json\/wp\/v2\/pages\/417\/revisions\/505"}],"wp:attachment":[{"href":"http:\/\/castroalba.es\/fotocastro\/wp-json\/wp\/v2\/media?parent=417"}],"curies":[{"name":"wp","href":"https:\/\/api.w.org\/{rel}","templated":true}]}}